{"id":2,"date":"2021-04-30T10:12:40","date_gmt":"2021-04-30T10:12:40","guid":{"rendered":"http:\/\/www.angeliquemontagnier.com\/?page_id=2"},"modified":"2021-07-01T09:25:45","modified_gmt":"2021-07-01T09:25:45","slug":"accueil","status":"publish","type":"page","link":"https:\/\/www.angeliquemontagnier.com\/","title":{"rendered":"Accueil"},"content":{"rendered":"\n<div class=\"wp-block-image\"><figure class=\"alignleft size-large\"><img loading=\"lazy\" decoding=\"async\" width=\"1024\" height=\"768\" src=\"https:\/\/www.angeliquemontagnier.com\/wp-content\/uploads\/2021\/06\/angelique-1024x768.jpg\" alt=\"\" class=\"wp-image-37\" srcset=\"https:\/\/www.angeliquemontagnier.com\/wp-content\/uploads\/2021\/06\/angelique-1024x768.jpg 1024w, https:\/\/www.angeliquemontagnier.com\/wp-content\/uploads\/2021\/06\/angelique-300x225.jpg 300w, https:\/\/www.angeliquemontagnier.com\/wp-content\/uploads\/2021\/06\/angelique-768x576.jpg 768w, https:\/\/www.angeliquemontagnier.com\/wp-content\/uploads\/2021\/06\/angelique-1536x1152.jpg 1536w, https:\/\/www.angeliquemontagnier.com\/wp-content\/uploads\/2021\/06\/angelique-2048x1536.jpg 2048w, https:\/\/www.angeliquemontagnier.com\/wp-content\/uploads\/2021\/06\/angelique-1568x1176.jpg 1568w\" sizes=\"auto, (max-width: 1024px) 100vw, 1024px\" \/><\/figure><\/div>\n\n\n\n<p>J&rsquo;accompagne les personnes depuis plus de 10 ans \u00e0 (re)trouver le chemin de la paix et de la joie int\u00e9rieure, de la cr\u00e9ativit\u00e9 et de la r\u00e9conciliation avec soi, les autres et le monde.<\/p>\n\n\n\n<p>Il est pour moi question d&rsquo;apprendre \u00e0 \u00e9couter ses besoins profonds pour (re)trouver sa juste place, cet endroit o\u00f9 nul autre que nous-m\u00eame ne peut agir et interagir avec le monde.<\/p>\n\n\n\n<p>Nous sommes tous prisonniers de certaines de nos \u00e9motions emprisonn\u00e9es au plus profond de nous-m\u00eame au cours de notre histoire. Ces \u00e9motions qui nous limitent dans notre champ d&rsquo;action au quotidien, qui font que l&rsquo;on ne se sent pas soi-m\u00eame, attendent d&rsquo;\u00eatre reconnues, accueillies pour que nous devenions des \u00eatre libres de notre pass\u00e9.<\/p>\n\n\n\n<p>La lib\u00e9ration des \u00e9motions refoul\u00e9es, la mise en mots des non-dits, le retour au mouvement primordial de vie nous conduisent \u00e0 un mieux-\u00eatre, \u00e0 une paix int\u00e9rieure, \u00e0 une mise en amiti\u00e9 avec nous-m\u00eame.<\/p>\n\n\n\n<p>Les blocages peuvent venir de diff\u00e9rents v\u00e9cus&nbsp;: pass\u00e9 traumatique, deuil, s\u00e9paration, blessures d&rsquo; abandon, de rejet, d&rsquo;humiliation, de trahison, d&rsquo;injustice,&#8230;<\/p>\n\n\n\n<p>La relation th\u00e9rapeutique s&rsquo;\u00e9tablit dans la confiance. L&rsquo;engagement sur le chemin \u00e0 parcourir ensemble est mutuel. Le travail consiste \u00e0 \u00eatre &#8211; voire apprendre \u00e0 \u00eatre &#8211; en contact avec ses sensations corporelles, ressentis et \u00e9motions. Diff\u00e9rents outils pourront \u00eatre propos\u00e9s suivant ce qui est amen\u00e9 au cours des s\u00e9ances&nbsp;: \u00e9coute active, gestalt, r\u00eave \u00e9veill\u00e9, relaxation, relation d&rsquo;aide par le toucher, respiration active, &#8230;<\/p>\n\n\n\n<p>Une am\u00e9lioration est recherch\u00e9e autant dans le corps que dans la vie, tous deux intrins\u00e8quement li\u00e9s.<\/p>\n\n\n\n<figure class=\"wp-block-image alignwide size-large\"><img loading=\"lazy\" decoding=\"async\" width=\"2560\" height=\"1440\" src=\"https:\/\/www.angeliquemontagnier.com\/wp-content\/uploads\/2021\/07\/IMG20210113172645-edited-1-scaled.jpg\" alt=\"\" class=\"wp-image-83\" srcset=\"https:\/\/www.angeliquemontagnier.com\/wp-content\/uploads\/2021\/07\/IMG20210113172645-edited-1-scaled.jpg 2560w, https:\/\/www.angeliquemontagnier.com\/wp-content\/uploads\/2021\/07\/IMG20210113172645-edited-1-300x169.jpg 300w, https:\/\/www.angeliquemontagnier.com\/wp-content\/uploads\/2021\/07\/IMG20210113172645-edited-1-1024x576.jpg 1024w, https:\/\/www.angeliquemontagnier.com\/wp-content\/uploads\/2021\/07\/IMG20210113172645-edited-1-768x432.jpg 768w, https:\/\/www.angeliquemontagnier.com\/wp-content\/uploads\/2021\/07\/IMG20210113172645-edited-1-1536x864.jpg 1536w, https:\/\/www.angeliquemontagnier.com\/wp-content\/uploads\/2021\/07\/IMG20210113172645-edited-1-2048x1152.jpg 2048w, https:\/\/www.angeliquemontagnier.com\/wp-content\/uploads\/2021\/07\/IMG20210113172645-edited-1-1568x882.jpg 1568w\" sizes=\"auto, (max-width: 2560px) 100vw, 2560px\" \/><\/figure>\n","protected":false},"excerpt":{"rendered":"<p>J&rsquo;accompagne les personnes depuis plus de 10 ans \u00e0 (re)trouver le chemin de la paix et de la joie int\u00e9rieure, de la cr\u00e9ativit\u00e9 et de la r\u00e9conciliation avec soi, les autres et le monde. Il est pour moi question d&rsquo;apprendre \u00e0 \u00e9couter ses besoins profonds pour (re)trouver sa juste place, cet endroit o\u00f9 nul autre&hellip; <a class=\"more-link\" href=\"https:\/\/www.angeliquemontagnier.com\/\">Poursuivre la lecture <span class=\"screen-reader-text\">Accueil<\/span><\/a><\/p>\n","protected":false},"author":1,"featured_media":0,"parent":0,"menu_order":0,"comment_status":"closed","ping_status":"closed","template":"","meta":{"footnotes":""},"class_list":["post-2","page","type-page","status-publish","hentry","entry"],"aioseo_notices":[],"_links":{"self":[{"href":"https:\/\/www.angeliquemontagnier.com\/index.php?rest_route=\/wp\/v2\/pages\/2","targetHints":{"allow":["GET"]}}],"collection":[{"href":"https:\/\/www.angeliquemontagnier.com\/index.php?rest_route=\/wp\/v2\/pages"}],"about":[{"href":"https:\/\/www.angeliquemontagnier.com\/index.php?rest_route=\/wp\/v2\/types\/page"}],"author":[{"embeddable":true,"href":"https:\/\/www.angeliquemontagnier.com\/index.php?rest_route=\/wp\/v2\/users\/1"}],"replies":[{"embeddable":true,"href":"https:\/\/www.angeliquemontagnier.com\/index.php?rest_route=%2Fwp%2Fv2%2Fcomments&post=2"}],"version-history":[{"count":8,"href":"https:\/\/www.angeliquemontagnier.com\/index.php?rest_route=\/wp\/v2\/pages\/2\/revisions"}],"predecessor-version":[{"id":87,"href":"https:\/\/www.angeliquemontagnier.com\/index.php?rest_route=\/wp\/v2\/pages\/2\/revisions\/87"}],"wp:attachment":[{"href":"https:\/\/www.angeliquemontagnier.com\/index.php?rest_route=%2Fwp%2Fv2%2Fmedia&parent=2"}],"curies":[{"name":"wp","href":"https:\/\/api.w.org\/{rel}","templated":true}]}}